f = y + -130. Calculate the remainder when 35 is divided by f.
14
Suppose -9 = -4*p + 31. Let d(s) = 6*s + 2. Suppose k + 2 = 6. Calculate the remainder when d(k) is divided by p.
6
Suppose 2*t + 0*v - 3*v - 64 = 0, -2*t + 50 = 4*v. Calculate the remainder when (-1701)/(-12) + 3/12 is divided by t.
26
Suppose 2*j = 6*j + 8. Let f(i) = -2*i**3 + i**2 - 2*i - 1. Suppose -t - 3*z = z - 9, z - 64 = -5*t. What is the remainder when f(j) is divided by t?
10
Let n = -43 - -55. Let f(j) = 3*j**2 + 3*j - 3. Calculate the remainder when f(-4) is divided by n.
9
Let n be -23*2*46*8/(-2). What is the remainder when 4/18 + n/144 is divided by 10?
9
Suppose 9*v - 47 = 8*v. What is the remainder when v is divided by 10?
7
Suppose 160 = 47*v - 37*v. Calculate the remainder when 71 is divided by v.
7
Let p(w) be the first derivative of w**2 + 17*w + 12. Calculate the remainder when 8 is divided by p(-6).
3
Let p = 70 - 38. Suppose -327 - 289 = -5*h + 4*w, 5*w = 5. Calculate the remainder when h is divided by p.
28
Suppose 1026 = 15*o + 4*o. Calculate the remainder when o is divided by 12.
6
Let r(h) = -2*h**3 - 71*h**2 - 38*h + 38. What is the remainder when r(-35) is divided by 38?
29
Suppose 5*q + 4*c - 224 = 0, -2*c - 65 = -q - 9. What is the remainder when 475 is divided by q?
43
Suppose 3*j + r + 11 = 6*r, 5 = -r. Let z = -16 - -20. Let m = z - j. What is the remainder when 31 is divided by m?
15
Let m be -1*2 - 44/(-11). Suppose -2*b + 4*h = -18, -5*b - m*h - 4 = -37. Calculate the remainder when 27 is divided by b.
6
Let a = -70 + 135. What is the remainder when a is divided by ((8 - 3) + -3)/(2/22)?
21
Suppose -49*q + q + 2928 = 0. Calculate the remainder when q is divided by 23.
15
Let s = 42 + -214. Let x = -170 - s. What is the remainder when (1/1)/(1/3) is divided by x?
1
Let g be (-3)/(-1*4/84). Let u = g - 22. Let h = u + -29. Calculate the remainder when h is divided by 7.
5
Let o(x) = 2*x**2 + 4*x. Let z(a) = 2*a**2 - 5*a - 1. What is the remainder when z(7) is divided by o(2)?
14
Suppose q = -0 + 10. Suppose 4*x - q = -2, 3*z = x - 2. Suppose z*r - 25 = -5*p - r, -5*p + 25 = -4*r. What is the remainder when p is divided by 3?
2
Suppose 0 = 7*v - 87 - 123. What is the remainder when v is divided by 10?
0
Let h = -193 + 207. Calculate the remainder when 152 is divided by h.
12
Let q = 1909 - 1852. Let b = -48 + 69. Let o = 41 - b. What is the remainder when q is divided by o?
17
Let j(h) = -13*h + 8 + 18*h**3 + 13*h**2 + 16*h**3 - 33*h**3. Let d be j(-14). Let x = 13 - d. Calculate the remainder when 75 is divided by x.
18
Let t = 36 + -7. Suppose -3*s = -4*i - 18, -4 = 3*s + 5*i + 5. Suppose 116 = 4*k - 2*v, -s*k + k + v = -t. What is the remainder when k is divided by 15?
14
Suppose -2*a = -5*j - 58, -2*j - j - 31 = -a. Calculate the remainder when (35/(-5 - 2))/(1/(-11)) is divided by a.
17
Let a(t) = -t + 11. Suppose -4*f + 5*o - 46 = 0, 0 = 2*f + 3*o + 2*o + 8. Let r(h) = -h - 1. Let j be r(f). What is the remainder when 11 is divided by a(j)?
2
Let u(w) = -w - 4. Let r be u(-8). Suppose 5*o = -r*l + 167, 3*o = 3*l - 2*o - 169. What is the remainder when l is divided by 17?
14
Let y(u) = -u**3 - 7*u**2 - 9*u - 4. Let j be y(-6). Suppose 0*d - 2*d + j = 0. Suppose 2*v = 50 + 4. Calculate the remainder when v is divided by d.
6
Let j(i) = -i**3 - 18*i**2 - 37*i - 32. Let a = 41 + -28. Calculate the remainder when j(-16) is divided by a.
9
Suppose 70*f + 6242 - 70362 = 0. Calculate the remainder when f is divided by 102.
100
Suppose 3*d = 6, -b + 140 = -0*b + 2*d. Calculate the remainder when b is divided by 46.
44
Let s(r) = -6*r**2 + 6*r - 5. Let i(w) = -11*w**2 + 13*w - 10. Let b(o) = 3*i(o) - 7*s(o). Let a = 17 + 18. What is the remainder when b(4) is divided by a?
32
Suppose -4*w = -2601 + 861. Suppose 3*h + n = w, 5*h = h + n + 573. Suppose 28 = 4*c - h. Calculate the remainder when c is divided by 22.
21
Suppose 0 = -18*i - 240 + 690. What is the remainder when 44 is divided by i?
19
Suppose -257 = -3*p + 5*a, 7*a = 3*a + 8. What is the remainder when p is divided by 31?
27
Let c(r) = -55*r + 176. What is the remainder when 119 is divided by c(3)?
9
Suppose 6*g - g - 115 = 0. Suppose 0 = 2*a - 288 + 268. Calculate the remainder when g is divided by a.
3
Let x(j) = 10*j - 12. Let y be x(5). Suppose -11 + y = 2*k + 5*o, -4*k - 5*o = -39. What is the remainder when 25 is divided by k?
1
Suppose f + 52 = 5*f. Let y(z) = -z**2 + 15*z - 10. What is the remainder when 58 is divided by y(f)?
10
Suppose -2*h = 183*n - 186*n - 5, 2*h - 4*n - 6 = 0. Suppose -3*u = -5*d - 8*u + 5, -2*d = 5*u - 2. What is the remainder when d is divided by h?
0
Suppose -195 = -5*i + 220. Suppose -68 = -3*k + 22. What is the remainder when i is divided by k?
23
Let g = -376 - -598. What is the remainder when g is divided by 25?
22
Let g(a) = -a**3 - 8*a**2 + 4*a - 7. Let u(j) = -j**3 - 9*j**2 + 3*j - 8. Let c(d) = 4*g(d) - 3*u(d). Calculate the remainder when c(-7) is divided by 23.
22
Let z(t) = t**3 + t**2 - t - 249. Let q be z(0). Let m = -149 - q. Suppose 4*w + 2*h = -h + 73, -5*h - m = -5*w. What is the remainder when 54 is divided by w?
16
Let z(l) = l**3 + 5*l**2 - 7*l - 11. Let b be z(-6). Calculate the remainder when ((-9)/6)/(b/90) is divided by 15.
12
Suppose -3*t + 5*u - 15 = -6*t, -5*u - 15 = 0. Suppose -4*h + 59 - 8 = 3*m, 2*m + h = 34. Calculate the remainder when m is divided by t.
7
Suppose 0 = 2*j - 97 - 1. Suppose -n + 211 = j. Calculate the remainder when n is divided by 33.
30
Let r(k) = k**3 - 7*k**2 - 8*k - 1. Let s be r(8). Calculate the remainder when s/(3 - (-247)/(-82)) is divided by 21.
19
Suppose 0 = 4*l - 40. Let v be (18/l)/((-3)/(-10)). Calculate the remainder when (-328)/(-12) - (-4)/v is divided by 6.
4
Let j be 2 - 5 - (-7 + 1). Suppose 3*n - 3 = j. Suppose 104 = n*d + 2*d. Calculate the remainder when d is divided by 9.
8
Let f = -253 + 423. What is the remainder when f is divided by 88?
82
Let l = -48 + 66. What is the remainder when 66 is divided by l?
12
Let j = 48 - 13. Let r(k) = k**2 + 3*k. Let h be r(-3). Suppose n = -4*s + 7, 42 = 3*n - h*s + 5*s. What is the remainder when j is divided by n?
16
Let c = 941 - 916. Calculate the remainder when c is divided by 5.
0
Suppose -834*u = -840*u + 2364. Calculate the remainder when u is divided by 9.
7
Suppose -2*n + 9 + 5 = t, 15 = 3*n. What is the remainder when 5 is divided by t?
1
Let x(k) = -k**3 - 4*k**2 - 19*k - 42. What is the remainder when 559 is divided by x(-6)?
127
Let n = -31 - -30. What is the remainder when 26 is divided by 2 - 0 - (n + -12)?
11
Suppose -n + 195 = -4*q, -27*q + 8 = -29*q. What is the remainder when n is divided by 35?
4
Suppose -5*c + 2*x = -900, 554 = c + 2*c - 4*x. What is the remainder when c is divided by 37?
30
Let t be (-3 + -11)/(-1 + 0). Calculate the remainder when 1348/14 - 4/t is divided by 20.
16
Let i = 20 - 17. Calculate the remainder when 14/i*30/35 - -24 is divided by 15.
13
Suppose 5*w = -2*s - 100, 183 = -5*s - 3*w - 29. Let v be (-6)/9 - s/6. Suppose -h = -3, o + v = -4*h + 30. What is the remainder when o is divided by 7?
5
Let x = -11 - -22. Suppose -f + 11 - 8 = 0. Suppose f - x = -2*v. What is the remainder when 12 is divided by v?
0
Suppose 1856 = -4*n + 62*n. Suppose -b + 36 = 3*b. What is the remainder when 109 is divided by n/(-144) - (-254)/b?
25
Suppose -3*x + 12 = -0, -5*w = -3*x - 8. Suppose w*h - 29 = 3. What is the remainder when 9*16/648 + 266/18 is divided by h?
7
Suppose 14*p = 11*p - 4*g + 618, 0 = -5*p - 2*g + 1030. Calculate the remainder when p is divided by 3.
2
Suppose -l = 5*u - 21, 3*l = 2*l - u + 5. Suppose -14 = -j - l. What is the remainder when 37 is divided by j?
11
Suppose -4*x - 2*m - 1 = -3*x, 9 = -3*m. Suppose -2*k + 3*s = -12, -18 = 2*k - x*k + 3*s. What is the remainder when 9 is divided by k?
3
Let v = -86 + 109. What is the remainder when 99 is divided by v?
7
Calculate the remainder when 272 is divided by (2 - (-12 + 8))*(-4)/(-2).
8
Calculate the remainder when (-17976)/(-108) + (-4)/9 is divided by 61.
44
Let t(b) = 20*b - 118. Calculate the remainder when 17 is divided by t(6).
1
Suppose p = -5*h + 17, -4*p - h = -4 - 26. What is the remainder when 119 + (-2)/p + (-15)/21 is divided by